 l. Let w be k(b). Calculate the highest common divisor of 18 and w.
9
Suppose 34*b - 153 = 357. What is the greatest common factor of b and 120?
15
Let i be 16/(-6)*(-12)/16. Suppose -5*q = -27 + i. Suppose -144 = -8*d + q*d. Calculate the greatest common divisor of d and 32.
16
Suppose 48*w = 3269 - 197. Let z = -8 + 16. Calculate the highest common divisor of w and z.
8
Let u(t) = t**3 + 4*t**2 - t - 2. Let z be u(-3). Suppose 0 = b + 1 - z. Calculate the highest common divisor of 9 and b.
9
Suppose 2*w = -1 + 17. Let y(d) = 3*d**2 - d - 42. Let a be y(-6). What is the greatest common divisor of a and w?
8
Let g = -9 - -12. Suppose 18 = -s - g*l + 7*l, 3*s + 44 = 2*l. Let j be (-144)/s + 6/(-21). Calculate the greatest common divisor of j and 80.
10
Let a = 42 - -9. Let o(x) = 8*x - 21. Let c be o(9). What is the greatest common divisor of c and a?
51
Let x = -102 + 69. Let v = x + 35. Calculate the greatest common divisor of v and 3.
1
Let s be (-9)/(-7) - 4/14. Let v be s + 2 + -1 + 0 + 89. What is the highest common divisor of v and 7?
7
Suppose 5*q - 15 = 4*q. Let o(l) = -l**2 - 6*l + 5. Let h be o(-5). Calculate the highest common divisor of h and q.
5
Let r = -352 + 377. What is the greatest common factor of 1 and r?
1
Let z be (-6)/4 + (-69987)/(-82). Calculate the highest common factor of 36 and z.
12
Suppose -3*d - 34 = 38. Suppose 0 = 4*b - 2*b - 5*c - 35, -3*b = c - 95. Let f = b - d. Calculate the highest common factor of 18 and f.
18
Let h = 3 + 0. Suppose -h*i + x + 3*x + 181 = 0, -4*i + 5*x = -240. Suppose -15*s + 154 = -s. Calculate the greatest common divisor of i and s.
11
Let u = -55 + 97. Suppose 3*a - 6*a = u. Let f(s) = s**2 + 13*s + 6. Let m be f(a). Calculate the highest common divisor of 40 and m.
20
Let a(y) = 3*y**2 - 3*y - 20. Let o be a(5). Calculate the greatest common factor of o and 2.
2
Let b = -57 - -42. Let i be (-9)/(b/5) - -9. What is the highest common divisor of 108 and i?
12
Let a(h) = 4*h - 1. Let m be a(1). Suppose 19 - 7 = -3*q, -5*p - 2 = m*q. Suppose i - 50 = -i - 2*k, p*k = -6. What is the highest common factor of i and 14?
14
Let x = -2279 + 1491. Let y = -898 + 335. Let o = y - x. Calculate the highest common factor of o and 25.
25
Suppose z = 3, 37 = 4*p - 5*z - 16. What is the highest common divisor of p and 323?
17
Let f(y) = -3*y**3 + 5*y**2 + 22*y - 6. Let n be f(-8). What is the greatest common divisor of 27 and n?
27
Let u = 115 + -179. Let o = u - -70. Suppose -2*i + 0*i = -6. What is the greatest common factor of o and i?
3
Let x(o) = -o**3 - 3*o**2 + o + 2. Let s(t) = 4*t + 1. Let g be s(1). Suppose -g = 3*a + 7. Let k be x(a). What is the highest common factor of k and 42?
14
Let d(w) = w - 1. Let c(t) = 7*t + 22. Let h(s) = c(s) - 6*d(s). Let f be h(-15). What is the highest common divisor of f and 52?
13
Let a(d) = d**2 - d + 122. Let o be a(0). Suppose 8*x - o - 30 = 0. What is the highest common factor of 133 and x?
19
Let v(t) = t**3 - 5*t**2 - 4. Let z be v(5). Let q be (z - -2) + -7 + 10. Calculate the highest common factor of 8 and q.
1
Suppose s = -4*s + 880. Calculate the greatest common divisor of 16 and s.
16
Suppose -35*u + 341 = 26. What is the highest common factor of u and 333?
9
Suppose -4*j = -44 + 180. Let p = -19 - j. Let s = 8437 + -8431. What is the greatest common factor of p and s?
3
Suppose -4*n = -26 + 6. Let o = -1 + 4. Suppose -o*u + 62 = 2*h, -3*h = -h - 2*u - 42. Calculate the greatest common divisor of h and n.
5
Let f be ((8/(-3))/1)/((-490)/147)*10. Let m be (1*23 - 0) + 1. What is the highest common factor of m and f?
8
Let i = -206 + 243. What is the highest common divisor of 1 and i?
1
Suppose -u + 2298 = u + 3*k, 0 = 3*u + 2*k - 3452. What is the greatest common divisor of 16 and u?
16
Suppose 4*q - 4*d - 17 = 735, 3*q - 564 = -2*d. What is the greatest common divisor of q and 47?
47
Let d(t) = -2*t + 8. Let v(s) = s - 12. Let p be v(5). Let h be d(p). Let j be -7*h*(3 - 4). What is the highest common factor of j and 14?
14
Suppose -3*g - 65 = 2*g. Let x = 46 + g. Let o be -7 + 7 - x/(-1). What is the greatest common factor of 11 and o?
11
Suppose 53 - 31 = q. Calculate the highest common divisor of q and 10.
2
Let v(w) be the second derivative of w**5/20 + w**3/6 + 85*w**2/2 + 2*w. Let l be v(0). What is the highest common divisor of 17 and l?
17
Suppose -g - 2*g + 6 = 0. Let b(o) = 4*o - 7*o**g + 8*o - 1 - o**3 - 5*o - 3. Let j be b(-8). What is the highest common factor of j and 36?
4
Suppose -38*j + 36*j - 4*z = -124, 161 = 3*j + z. Calculate the greatest common divisor of j and 13.
13
Let i = 33 - 19. Suppose 15*k = 54*k - 78. What is the greatest common factor of i and k?
2
Let o(m) = 3*m**2 + 10*m - 8. Let q be o(7). What is the highest common divisor of q and 11?
11
Let v = -578 + 638. Calculate the highest common divisor of v and 444.
12
Suppose 0 = -3*m + 3*x + 165, -5*m + 254 + 18 = -2*x. Suppose 0 = -5*d - 3*o + 97, -3*d - 5*o + m = -d. What is the highest common factor of 17 and d?
17
Let x(l) = l**3 + 6*l**2 - 3*l - 1. Let z be x(-5). Suppose 3*b + 90 = -5*r - z, 0 = 2*b - 4. Let q = r + 49. What is the highest common factor of q and 55?
11
Suppose -s - 4 = -10. Let w be ((10/s)/(-5))/((-1)/42). What is the greatest common factor of w and 14?
14
Suppose 0 = 4*s + 8*d - 10*d - 1536, -2*s + 764 = -3*d. What is the highest common divisor of 110 and s?
55
Suppose -45*q + 28 + 872 = 0. Suppose -2*f + 8 = -0*f. Calculate the greatest common factor of q and f.
4
Let p be 1 + 0 + 2 - -21. Let g be 4/8*(-1 + 1). Suppose 5*v = 4*t - g*t - 68, -4*t = v - 44. What is the greatest common factor of t and p?
12
Suppose 0 = 2*z + 10, -33 - 6 = -2*o + 3*z. Suppose 4*i = 5*i - o. Calculate the greatest common divisor of i and 30.
6
Suppose -3*i - 354 = 3*h, 4*h = i - 589 + 92. Let l = h - -124. Calculate the greatest common divisor of 23 and l.
1
Let o(z) = -z**2 - 50*z + 1316. Let s be o(19). What is the highest common divisor of s and 60?
5
Let b be (-2)/(-4) - 19/(-2). Let w = b - 13. Let v(h) = -2*h**3 - 4*h**2 - h + 3. Let d be v(w). What is the highest common divisor of d and 48?
24
Let s(w) = -2*w**3 - 90*w**2 + 86*w - 81. Let n be s(-46). What is the greatest common factor of n and 120?
15
Let g = 74 - 70. Suppose -9*k = -g*k - 70. Suppose 4*v - 2*i = 2*i + 20, 5*v + 2*i = 4. Calculate the highest common factor of v and k.
2
Let r = 1077 - 1073. Calculate the highest common divisor of 92 and r.
4
Let u be 404 + -41 - ((-27)/(-3))/3. What is the greatest common factor of u and 216?
72
Let l(h) = h**3 - 9*h**2 + 17*h - 45. Let j be l(9). What is the greatest common divisor of j and 12?
12
Let p = -461 + 221. Let d be (p/64)/(2/(-8)). Calculate the greatest common divisor of 5 and d.
5
Suppose -4*u + 14 = -102. What is the greatest common factor of u and 1247?
29
Let n(c) = -13*c + 17. Let f(q) = 38*q - 51. Let w(s) = 3*f(s) + 8*n(s). Let k be w(3). Calculate the greatest common divisor of 143 and k.
13
Suppose 0 = -5*a - 5*q + 7 + 33, 0 = 5*a - 4*q - 76. Let m be (0 - 0)/(-8 + 6). Let f = 6 + m. Calculate the highest common divisor of a and f.
6
Let m be (-11 - (-12 - -6))/(1/(-13)). Calculate the highest common divisor of m and 15.
5
Let d = 509 + -275. Calculate the greatest common divisor of d and 36.
18
Suppose z + 19 = 26. Calculate the greatest common divisor of z and 189.
7
Suppose 0*f = -10*f + 30. Suppose f*y - 18 = 78. Calculate the greatest common factor of 2 and y.
2
Suppose 3*m - 5*n = -m + 54, m + 5*n - 1 = 0. Let t = -170 + 172. Let i(a) = -a**2 + 5*a - 5. Let b be i(t). What is the greatest common divisor of m and b?
1
Let d = 2 - 1. Let l be (36/15 + 12/(-30))*1. Suppose -5*x + 16 = l*y, 4*y - x = y + 7. Calculate the highest common factor of d and y.
1
Let h = -803 - -834. Calculate the highest common factor of 527 and h.
31
Suppose 6*r - 785 = -725. Calculate the highest common divisor of r and 550.
10
Suppose -3*x + 5*x = -p + 12, -2*x = -4*p - 22. What is the highest common divisor of 77 and x?
7
Let x(g) = g**2 - 3*g + 3. Let o be x(-6). Calculate the highest common factor of o and 3.
3
Let t = 18 - 15. Suppose 0 = -p + 7 - t. Suppose m + 2*l - 27 = -3*l, 0 = m + p*l - 30. Calculate the highest common divisor of m and